{"id":1306,"date":"2025-11-30T15:49:33","date_gmt":"2025-11-30T14:49:33","guid":{"rendered":"https:\/\/ap2c-maconnerie.fr\/?page_id=1306"},"modified":"2025-12-01T22:10:51","modified_gmt":"2025-12-01T21:10:51","slug":"mentions-legales","status":"publish","type":"page","link":"https:\/\/ap2c-maconnerie.fr\/index.php\/mentions-legales\/","title":{"rendered":"MENTIONS L\u00c9GALES"},"content":{"rendered":"\t\t<div data-elementor-type=\"wp-page\" data-elementor-id=\"1306\" class=\"elementor elementor-1306\">\n\t\t\t\t<div class=\"elementor-element elementor-element-00869e9 e-flex e-con-boxed wpr-particle-no wpr-jarallax-no wpr-parallax-no wpr-sticky-section-no e-con e-parent\" data-id=\"00869e9\" data-element_type=\"container\">\n\t\t\t\t\t<div class=\"e-con-inner\">\n\t\t\t\t<div class=\"elementor-element elementor-element-a5ce60f elementor-widget elementor-widget-heading\" data-id=\"a5ce60f\" data-element_type=\"widget\" data-widget_type=\"heading.default\">\n\t\t\t\t\t<h2 class=\"elementor-heading-title elementor-size-default\">Mentions L\u00e9gales <\/h2>\t\t\t\t<\/div>\n\t\t\t\t<div class=\"elementor-element elementor-element-d6634ce elementor-widget elementor-widget-text-editor\" data-id=\"d6634ce\" data-element_type=\"widget\" data-widget_type=\"text-editor.default\">\n\t\t\t\t\t\t\t\t\t<p><\/p>\n<p><strong>\u00c9diteur du site<\/strong><br \/>Le pr\u00e9sent site est \u00e9dit\u00e9 par :<br \/><strong>AP2C Ma\u00e7onnerie<\/strong><br \/>Forme juridique : <strong>SASU<\/strong><br \/>Si\u00e8ge social : <strong>20 Avenue des Lions, 47200 Beaupuy, France<\/strong><br \/>Adresse e-mail : <strong><a>contact@ap2c-maconnerie.fr<\/a><\/strong><\/p>\n<p> <\/p>\n<p><strong>Directeur de la publication<\/strong><br \/>Le directeur de la publication est : <strong>AP2C Ma\u00e7onnerie<\/strong><\/p>\n<p> <\/p>\n<h2 class=\"wp-block-heading\"><strong>H\u00e9bergement<\/strong><\/h2>\n<p> <\/p>\n<p>Le site est h\u00e9berg\u00e9 par :<br \/><strong>OVH \u2013 OVH SAS<\/strong><br \/>Adresse : 2 rue Kellermann, 59100 Roubaix, France<br \/>T\u00e9l\u00e9phone : +33 9 72 10 10 07<br \/>Site web : <a href=\"https:\/\/www.ovh.com\">https:\/\/www.ovh.com<\/a><\/p>\n<p> <\/p>\n<h2 class=\"wp-block-heading\"><strong>Propri\u00e9t\u00e9 intellectuelle<\/strong><\/h2>\n<p> <\/p>\n<p>L\u2019ensemble des \u00e9l\u00e9ments pr\u00e9sents sur le site (textes, images, graphismes, logos, vid\u00e9os, structure, mise en page) est prot\u00e9g\u00e9 par le Code de la propri\u00e9t\u00e9 intellectuelle.<\/p>\n<p> <\/p>\n<p>Toute reproduction, repr\u00e9sentation, modification, publication, adaptation, totale ou partielle, sans autorisation \u00e9crite est strictement interdite.<\/p>\n<p> <\/p>\n<h2 class=\"wp-block-heading\"><strong>Responsabilit\u00e9<\/strong><\/h2>\n<p> <\/p>\n<p>AP2C Ma\u00e7onnerie s\u2019efforce d\u2019assurer l\u2019exactitude des informations pr\u00e9sentes sur le site.<br \/>Cependant, la soci\u00e9t\u00e9 ne pourra \u00eatre tenue responsable en cas de :<\/p>\n<p> <\/p>\n<ul class=\"wp-block-list\">\n<li>interruption ou indisponibilit\u00e9 du site,<\/li>\n \n<li>bugs informatiques,<\/li>\n \n<li>erreurs ou omissions dans les contenus,<\/li>\n \n<li>dommages r\u00e9sultant d\u2019une intrusion frauduleuse d\u2019un tiers.<\/li>\n<\/ul>\n<p> <\/p>\n<p>L\u2019utilisateur demeure responsable de son mat\u00e9riel, de son acc\u00e8s Internet et de la protection de ses donn\u00e9es.<\/p>\n<p> <\/p>\n<h2 class=\"wp-block-heading\"><strong>Liens externes<\/strong><\/h2>\n<p> <\/p>\n<p>Le site peut contenir des liens vers des sites tiers.<br \/>AP2C Ma\u00e7onnerie d\u00e9cline toute responsabilit\u00e9 concernant leur contenu ou leur fonctionnement.<\/p>\n<p> <\/p>\n<h2 class=\"wp-block-heading\"><strong>Contact<\/strong><\/h2>\n<p> <\/p>\n<p>Pour toute question concernant le site :<br \/>\ud83d\udce7 <strong><a>contact@ap2c-maconnerie.fr<\/a><\/strong><\/p>\n<p><\/p>\t\t\t\t\t\t\t\t<\/div>\n\t\t\t\t\t<\/div>\n\t\t\t\t<\/div>\n\t\t\t\t<\/div>\n\t\t","protected":false},"excerpt":{"rendered":"<p>Mentions L\u00e9gales \u00c9diteur du siteLe pr\u00e9sent site est \u00e9dit\u00e9 par :AP2C Ma\u00e7onnerieForme juridique : SASUSi\u00e8ge social : 20 Avenue des Lions, 47200 Beaupuy, FranceAdresse e-mail : contact@ap2c-maconnerie.fr Directeur de la publicationLe directeur de la publication est : AP2C Ma\u00e7onnerie H\u00e9bergement Le site est h\u00e9berg\u00e9 par :OVH \u2013 OVH SASAdresse : 2 rue Kellermann, 59100 Roubaix, FranceT\u00e9l\u00e9phone : +33 9 72 10 10 07Site web : https:\/\/www.ovh.com Propri\u00e9t\u00e9 intellectuelle L\u2019ensemble des \u00e9l\u00e9ments pr\u00e9sents sur le site (textes, images, graphismes, logos, vid\u00e9os, structure, mise en page) est prot\u00e9g\u00e9 par le Code de la propri\u00e9t\u00e9 intellectuelle. Toute reproduction, repr\u00e9sentation, modification, publication, adaptation, totale ou partielle, sans autorisation \u00e9crite est strictement interdite. Responsabilit\u00e9 AP2C Ma\u00e7onnerie s\u2019efforce d\u2019assurer l\u2019exactitude des informations pr\u00e9sentes sur le site.Cependant, la soci\u00e9t\u00e9 ne pourra \u00eatre tenue responsable en cas de : L\u2019utilisateur demeure responsable de son mat\u00e9riel, de son acc\u00e8s Internet et de la protection de ses donn\u00e9es. Liens externes Le site peut contenir des liens vers des sites tiers.AP2C Ma\u00e7onnerie d\u00e9cline toute responsabilit\u00e9 concernant leur contenu ou leur fonctionnement. Contact Pour toute question concernant le site :\ud83d\udce7 contact@ap2c-maconnerie.fr<\/p>\n","protected":false},"author":1,"featured_media":0,"parent":0,"menu_order":0,"comment_status":"closed","ping_status":"closed","template":"","meta":{"footnotes":""},"class_list":["post-1306","page","type-page","status-publish","hentry"],"_links":{"self":[{"href":"https:\/\/ap2c-maconnerie.fr\/index.php\/wp-json\/wp\/v2\/pages\/1306","targetHints":{"allow":["GET"]}}],"collection":[{"href":"https:\/\/ap2c-maconnerie.fr\/index.php\/wp-json\/wp\/v2\/pages"}],"about":[{"href":"https:\/\/ap2c-maconnerie.fr\/index.php\/wp-json\/wp\/v2\/types\/page"}],"author":[{"embeddable":true,"href":"https:\/\/ap2c-maconnerie.fr\/index.php\/wp-json\/wp\/v2\/users\/1"}],"replies":[{"embeddable":true,"href":"https:\/\/ap2c-maconnerie.fr\/index.php\/wp-json\/wp\/v2\/comments?post=1306"}],"version-history":[{"count":4,"href":"https:\/\/ap2c-maconnerie.fr\/index.php\/wp-json\/wp\/v2\/pages\/1306\/revisions"}],"predecessor-version":[{"id":1403,"href":"https:\/\/ap2c-maconnerie.fr\/index.php\/wp-json\/wp\/v2\/pages\/1306\/revisions\/1403"}],"wp:attachment":[{"href":"https:\/\/ap2c-maconnerie.fr\/index.php\/wp-json\/wp\/v2\/media?parent=1306"}],"curies":[{"name":"wp","href":"https:\/\/api.w.org\/{rel}","templated":true}]}}